4*z - 11. Let t be d(10). Let o = t + -1. What are the prime factors of o?
2, 7
Suppose 0 = -u + 5*c - 8, 3*c + 24 = -0*u + 3*u. Suppose 12 = 3*m - u. List the prime factors of m.
2
Let v = -54 - -87. What are the prime factors of v?
3, 11
Suppose s + 2*n = -9 + 28, -s + 5 = -5*n. Let b be 1/2 - s/6. List the prime factors of 26/4 + (-1)/b.
7
Let x be (24/(-4))/(6/15). What are the prime factors of (-624)/x + (-2)/(-5)?
2, 3, 7
Suppose -81 = 4*v + 127. Let l = v + 117. List the prime factors of (l/(-10))/(2/(-4)).
13
Suppose -8*o + 116 = -4*o. What are the prime factors of o?
29
Suppose 0 = -4*x - 0*x + 292. List the prime factors of x.
73
Let h(r) = r**2 + r - 1. Let m(l) = -2*l**2 - 3*l - 6. Let q(j) = -3*h(j) - m(j). What are the prime factors of q(0)?
3
What are the prime factors of (-4)/(-4)*1*53?
53
Let a be (-2 - -2)/(3 + -4). Let s(k) = 9 - k**2 + a*k**2 + 1. What are the prime factors of s(0)?
2, 5
Let w = 106 + -56. List the prime factors of w.
2, 5
Let h(r) = r + 5. List the prime factors of h(8).
13
Let o = -86 + 122. List the prime factors of o.
2, 3
Suppose 4*s - 5*f = 41, 0 = 2*s - 0*f - 4*f - 28. Suppose -s*p = -p. Suppose -5*x + 3*z = -23, -x - x - z + 18 = p. List the prime factors of x.
7
Let n(t) = -t + 4. List the prime factors of n(-3).
7
Let d(w) = -w - 4. Let r be d(-8). Suppose 120 = r*c + c. List the prime factors of c.
2, 3
Let m = -5 - -4. Let a = 3 + m. Suppose 0 = -a*q + 7*z - 2*z + 12, 5*z = 20. What are the prime factors of q?
2
Let n(o) = -2*o - 6. Let y be n(-6). Suppose y = -u + 2*u. What are the prime factors of u?
2, 3
Let v be 12/8*(-1 - -3). Suppose -4*s = -4*u - 28, 37 = 5*s + v*u - 14. List the prime factors of 8/(-6)*s/(-2).
2, 3
Let y = 23 - 38. List the prime factors of y/(-10)*(-38)/(-3).
19
Suppose 2*f = f + 2. Let g = -41 - -43. Suppose -f*b = 3*b, 0 = 4*y + g*b - 76. What are the prime factors of y?
19
Let s = 8 - -39. Let z = -34 + s. Suppose -5*o + 47 = -z. What are the prime factors of o?
2, 3
Suppose 4*o = 2 + 6. Let p = o + 1. List the prime factors of 58/6 - (-1)/p.
2, 5
Let k be 410/18 - (-8)/36. Let j = 39 + -26. Let a = k - j. List the prime factors of a.
2, 5
Let j(u) = -u**3 + u**2 - 2*u + 1. Let o be j(2). List the prime factors of 410/35 - 2/o.
2, 3
Suppose -3*l + 84 = 3*l. Suppose -l = -2*n + 16. What are the prime factors of n?
3, 5
Let n be 1/(60/(-57) - -1). Let b = n + 28. List the prime factors of b.
3
Let x(v) = v + 14. Let d(m) = -m**3 - m**2 + m. Let h be d(-1). Let o be (1 - 3) + 5/h. What are the prime factors of x(o)?
7
What are the prime factors of 1 - ((3 - 1) + -4)?
3
Suppose l - 3*l = 4. Let r be (-2)/(-2) - (l - 0). Suppose -r*g = v - 24, -2*v + 4 = g + 1. What are the prime factors of g?
3
Let t(w) = 2*w - 8. Let r be t(6). Let o(n) = 3*n - 6. Let m be o(r). Let b = -3 + m. What are the prime factors of b?
3
Let v(f) = f**2 - 5*f**2 + f + 5*f**2 - 6*f. List the prime factors of v(-4).
2, 3
Let f(c) = -c**2 + 9*c - 3. Let h be f(8). Let t = -2 + h. Let u = 5 - t. What are the prime factors of u?
2
Suppose -4*s + 6*d - 9*d + 1300 = 0, 0 = 4*d. What are the prime factors of s?
5, 13
Let a(c) = -c**3 - c. Let y be a(-2). Let u = -7 + y. List the prime factors of u.
3
Let m = 5 + -3. Suppose -1 = -m*c + 5. What are the prime factors of c?
3
Let y = 22 - 34. Let i be (-20)/(-3) + y/18. Let n = 11 - i. List the prime factors of n.
5
Let k = -43 - -82. List the prime factors of k.
3, 13
Suppose -a - 2*a = -15. Suppose -f - 5*o - 13 = 0, 0*f + 5 = 3*f + 4*o. Let d = f + a. What are the prime factors of d?
2, 3
Suppose 2*x - 48 = -x. Let n = x + -9. What are the prime factors of n?
7
Let l be ((-2 - -1) + 0)*1. Let r(o) = -17*o**3 + 2*o**2 - 1. What are the prime factors of r(l)?
2, 3
Let z = 18 + 4. List the prime factors of z.
2, 11
Suppose 3*d + 0*d - 63 = 0. What are the prime factors of d?
3, 7
Suppose -c + 3*x = -7, 4*x - 11 = -3*c + 3*x. Let z be (2 + c)/(2 - 0). Suppose 42 = z*t + 2*t - 4*f, -f - 28 = -3*t. What are the prime factors of t?
2, 5
Suppose -12 = -5*t + 2*t. Suppose -i + t*i - 3*n = 15, -i - 3*n - 15 = 0. Suppose i = 4*o + g - 77, -3*o + 5*g + 34 = -18. What are the prime factors of o?
19
Suppose 4*c = 5*t - 247, -10 = -t + 4*c + 49. What are the prime factors of t?
47
Suppose -2*t + 7 = p, 5*t = -3*p - 0*p + 23. Let g = -6 + p. Suppose 7 = -g*y + 32. What are the prime factors of y?
5
Let h = 9 + -6. List the prime factors of h/((-5)/((-420)/9)).
2, 7
Suppose 3*r - 5 = 1. Suppose -s + 5 = -r. Suppose 0 = m, -4*c + 2*m + s = -1. List the prime factors of c.
2
Suppose -2*w = -g - 0*w - 4, -3*g + 2 = w. Suppose g = -0*s - 4*s + 68. List the prime factors of s.
17
Let x(f) = -49*f**3 - f. Let j be x(-1). Suppose p = -4*p + j. List the prime factors of p.
2, 5
Suppose -14*r + 9*r + 25 = 0. Suppose -r = -f + 28. List the prime factors of f.
3, 11
What are the prime factors of 56 + 0/3*1?
2, 7
Suppose 0 = 3*f - 267 - 537. List the prime factors of f.
2, 67
Let g(q) = -4*q**2 - q + 7*q**2 + q**3 - 4*q**2 + 28. What are the prime factors of g(0)?
2, 7
Suppose 5*y - 1598 = 3*s, 0 = y - 15*s + 17*s - 330. List the prime factors of y.
2, 7, 23
Suppose 4*g - 334 = g - u, -g + 93 = 4*u. List the prime factors of g.
113
Suppose -3*h + 23 + 382 = 0. List the prime factors of h.
3, 5
Let m(w) = 2*w**3 + w. Let s = 6 + -5. Let g be m(s). Suppose -26 = g*p - 5*p. List the prime factors of p.
13
Suppose -4*v - 48 = -224. What are the prime factors of v?
2, 11
Let h(i) = i**3 - 6*i**2 + 2*i - 10. What are the prime factors of h(7)?
53
Let c(m) = 182*m**3. Let h be c(1). Suppose 4*a = 14 + h. What are the prime factors of a?
7
Let w(a) = 11*a + 6. Let l be w(6). What are the prime factors of (-16)/l + (-155)/(-9)?
17
Let v(a) = -a**3 - 4*a**2 - 2*a - 6. Let x be v(-4). Suppose x*l = -l. Suppose -5*j = 25, l = 4*s - j - 4*j - 61. List the prime factors of s.
3
Suppose -5*j = 4*s - 155, -5*j - 21 + 176 = -3*s. Let x = j + -19. What are the prime factors of x?
2, 3
What are the prime factors of (1 - 2)/(117/(-116) + 1)?
2, 29
What are the prime factors of 180 + (-5)/((-15)/(-3))?
179
Suppose -s + 78 = 8. What are the prime factors of s?
2, 5, 7
Let p(l) = l + 6. Let x be p(-6). Suppose -7 = -b - x*b. What are the prime factors of b?
7
Let z = 7 - 1. Let q be 45/6 - (-3)/z. Let s = q + -2. What are the prime factors of s?
2, 3
Let c(f) = -16*f**2 + f. Let z be c(1). What are the prime factors of z/(-10)*20/6?
5
Let t = 96 - 64. List the prime factors of t.
2
Let w(z) = -z - 4. Let n be w(-6). Let u be 4/14 - (-271)/7. Suppose -n*i - o = -10, 5*i - 8 - u = 3*o. List the prime factors of i.
7
Let c(k) = -k**2 - k + 21. Let u(x) = -x**3 + 6*x**2 - 5*x + 4. Let j be u(5). Let a be -2 - (-5)/(10/j). List the prime factors of c(a).
3, 7
Let l(g) = g**3 - 4*g**2 + 2*g. Suppose 3*m - 6 - 6 = 0. Suppose 4*z - 3 = -2*h - z, m = 2*h + 4*z. What are the prime factors of l(h)?
2
Let t(x) = -x**3 - 4*x**2 + 4*x - 2. Let h be t(-5). Suppose a - 1 = -j, 4*a + h = -3*j + 12. Let o = a - 1. What are the prime factors of o?
5
Let o(m) = -m**3 + 7*m**2 - 7*m + 6. Let g be o(6). Let s = -46 + g. What are the prime factors of s/(-12) - (-1)/6?
2
Let h be (-2)/(-16)*4*0. List the prime factors of (h + 4)/(2/7).
2, 7
List the prime factors of -7*12/(-28)*(0 + 125).
3, 5
Suppose 4*a - 2*v = 34 + 28, 5*a - 3*v = 76. Suppose 24 = -4*r - 5*y, -4*r + 4*y - 34 = 26. Let j = a + r. What are the prime factors of j?
2, 3
Suppose -3*v + 75 = -0*v. Suppose -c - v = w - 8, 4*w - 10 = 2*c. Let n = -2 - c. List the prime factors of n.
11
Let x(j) = j**3 - j**2 - j - 2. Let m be x(0). Let a be (-1)/m*6*1. Suppose -55 = -t - 4*t + r, a*r + 45 = 5*t. What are the prime factors of t?
2, 3
Let v be (-75)/(-11) - 4/(-22). Suppose v*q - 70 = 2*q. What are the prime factors of q?
2, 7
Let q = 715 - 419. What are the prime factors of q?
2, 37
Suppose 4*x = 5*y + 64, 64 = 4*x - 5*y + 2*y. What are the prime factors of x?
2
Suppose 6*d - 247 = 5*d. List the prime factors of d.
13, 19
Suppose -4*k = -188 + 60. Suppose -14*i - 49 = -15*i. Let g = i - k. What are the prime factors of g?
17
Suppose -5*k + 3*k = -x + 44, -2*x + 91 = -3*k. List the prime factors of x.
2, 5
Suppose 0 = -5*m + 11*m - 1104. List the prime factors of